se
Is 316 a factor of 125334132?
True
Is 873 a factor of 24171624?
True
Is 62867998 a multiple of 92?
False
Does 36 divide 477504551?
False
Is 19 a factor of 13312381?
False
Does 3 divide 3730855?
False
Does 1648 divide 378027326?
False
Does 8 divide 81709472?
True
Is 88819836 a multiple of 161?
True
Is 61909076 a multiple of 30?
False
Is 2641 a factor of 43766367?
False
Is 25 a factor of 31000188?
False
Does 36 divide 748920509?
False
Is 50190952 a multiple of 84?
False
Is 84480302 a multiple of 27?
False
Is 3069269280 a multiple of 2772?
True
Is 74 a factor of 696852450?
True
Does 220 divide 853963205?
False
Does 31 divide 6949053?
True
Does 13 divide 1174493892?
True
Is 30193360 a multiple of 18?
False
Does 402 divide 36528936?
True
Is 133653000 a multiple of 250?
True
Is 136 a factor of 106006278?
False
Is 10078 a factor of 799251333?
False
Is 2409410 a multiple of 803?
False
Does 2 divide 191606521?
False
Is 68262083 a multiple of 146?
False
Is 91020596 a multiple of 349?
True
Is 789 a factor of 12994830?
True
Does 120 divide 114443637?
False
Does 25 divide 59707400?
True
Is 1069384477 a multiple of 343?
True
Is 801 a factor of 12544397?
False
Is 30654486 a multiple of 342?
True
Does 146 divide 588487474?
False
Is 6878 a factor of 2139828336?
True
Is 29571432 a multiple of 4107?
False
Does 15 divide 478011675?
True
Is 69082040 a multiple of 8?
True
Is 88 a factor of 5860184?
True
Does 135 divide 124022221?
False
Is 469841518 a multiple of 62?
True
Does 136 divide 702771314?
False
Is 950 a factor of 1302088577?
False
Is 21104415 a multiple of 651?
False
Is 3824460 a multiple of 45?
True
Does 14 divide 5716858907?
False
Does 16 divide 3029536?
True
Is 67019750 a multiple of 7?
True
Does 4090 divide 191542960?
False
Does 5 divide 10121975?
True
Does 337 divide 480451826?
False
Is 2426584130 a multiple of 434?
False
Is 1813 a factor of 554756824?
False
Is 384 a factor of 23445120?
True
Is 132 a factor of 1409474182?
False
Is 3323 a factor of 5044314?
True
Does 37 divide 16561360?
False
Is 16893075 a multiple of 462?
False
Does 286 divide 387954996?
True
Is 24 a factor of 4636416?
True
Does 4045 divide 117211965?
True
Is 14 a factor of 3013392717?
False
Is 18 a factor of 195233130?
True
Does 874 divide 675527710?
True
Is 1372 a factor of 462489674?
False
Is 1857299584 a multiple of 1084?
True
Is 889 a factor of 54875303?
True
Does 224 divide 93565024?
True
Does 45 divide 194553990?
True
Is 27120856 a multiple of 14?
True
Is 47455344 a multiple of 16?
True
Is 365 a factor of 23642145?
True
Is 294 a factor of 123654930?
True
Does 237 divide 3394788?
True
Does 34 divide 40102456?
True
Is 335 a factor of 7068835?
True
Does 51 divide 9366099?
True
Is 61021690 a multiple of 10?
True
Is 3849 a factor of 456187080?
False
Is 346 a factor of 732087341?
False
Is 567 a factor of 19998657?
True
Is 29 a factor of 323725250?
False
Does 36 divide 25947936?
True
Is 22643481 a multiple of 1282?
False
Is 62796421 a multiple of 31?
True
Is 14275658 a multiple of 3?
False
Is 13 a factor of 4155837517?
True
Is 456 a factor of 47061382?
False
Does 3 divide 122844530?
False
Is 1758308323 a multiple of 180?
False
Is 76411404 a multiple of 58?
True
Is 638680275 a multiple of 6293?
False
Is 7117 a factor of 1213968041?
True
Is 25 a factor of 71625625?
True
Is 14775286 a multiple of 3431?
False
Is 24 a factor of 97249272?
True
Does 19 divide 27509321?
True
Is 89252995 a multiple of 49?
False
Is 27512409 a multiple of 3?
True
Is 2681140551 a multiple of 8264?
False
Is 14098 a factor of 2324565472?
False
Does 1053 divide 122105880?
True
Is 564861729 a multiple of 267?
True
Does 16 divide 150656672?
True
Is 13 a factor of 1946314760?
True
Does 14 divide 10940888?
True
Does 20 divide 103141700?
True
Is 22801849 a multiple of 7?
True
Is 448578677 a multiple of 17?
True
Does 1661 divide 76635568?
False
Is 28 a factor of 16048257?
False
Is 2375 a factor of 105122250?
True
Is 253967909 a multiple of 928?
False
Is 103416844 a multiple of 16?
False
Is 973085600 a multiple of 100?
True
Is 2594 a factor of 4377795101?
False
Is 83987849 a multiple of 124?
False
Is 25 a factor of 76448433?
False
Is 1381964675 a multiple of 13?
True
Is 576553936 a multiple of 16?
True
Is 14611050 a multiple of 411?
True
Is 1229278711 a multiple of 8629?
True
Is 3277 a factor of 47324132?
False
Does 18 divide 598460868?
True
Is 26864648 a multiple of 24?
False
Is 2423160717 a multiple of 48?
False
Is 509911702 a multiple of 323?
True
Does 15 divide 143874415?
False
Is 770802 a multiple of 5?
False
Is 2110848 a multiple of 1434?
True
Is 635355111 a multiple of 257?
False
Is 747 a factor of 31409856?
True
Is 5802416 a multiple of 2609?
True
Does 13 divide 2328794?
True
Does 876 divide 116397143?
False
Is 20 a factor of 28205280?
True
Is 176 a factor of 1328257392?
True
Is 8430190 a multiple of 24?
False
Is 159871078 a multiple of 32?
False
Is 174 a factor of 438078696?
False
Is 6 a factor of 17617122?
True
Does 2407 divide 22357556?
False
Is 57404568 a multiple of 6?
True
Is 810802636 a multiple of 7?
True
Is 23 a factor of 3917872?
False
Does 996 divide 405900876?
True
Is 2689387847 a multiple of 307?
True
Is 3 a factor of 5622495?
True
Is 11 a factor of 56855513?
True
Is 12 a factor of 2654436488?
False
Is 81 a factor of 12892929?
False
Is 147 a factor of 1920261?
True
Is 51124057 a multiple of 441?
False
Is 24766551 a multiple of 31?
True
Does 114 divide 10936248?
True
Is 462698490 a multiple of 129?
True
Is 187 a factor of 4309976561?
True
Is 2 a factor of 570254?
True
Is 22836079 a multiple of 23?
True
Is 1610407100 a multiple of 5455?
False
Is 1101 a factor of 11161938?
True
Is 544 a factor of 19238242?
False
Is 518 a factor of 138956001?
False
Is 62 a factor of 944558166?
False
Is 745741134 a multiple of 2409?
False
Does 37 divide 16391074?
True
Is 585 a factor of 3618754?
False
Is 308 a factor of 21464844?
False
Is 81 a factor of 2067606?
True
Is 209 a factor of 63449349?
False
Is 195 a factor of 389607270?
True
Is 338990190 a multiple of 33?
True
Is 22 a factor of 537360736?
True
Is 222 a factor of 101820966?
True
Is 19 a factor of 569751876?
False
Does 43 divide 535901779?
False
Is 26 a factor of 5781906?
True
Does 684 divide 1529661195?
False
Is 24709858 a multiple of 306?
False
Is 623 a factor of 33475659?
True
Does 3656 divide 445176496?
True
Is 4978159 a multiple of 33?
False
Is 11477860 a multiple of 274?
True
Is 14779299 a multiple of 771?
True
Is 13 a factor of 17122142?
False
Is 8 a factor of 498940790?
False
Is 213612777 a multiple of 21?
True
Is 1380583716 a multiple of 116?
False
Is 557770430 a multiple of 6?
False
Is 23935296 a multiple of 16?
True
Is 3054 a factor of 457559442?
True
Does 13 divide 8855145?
True
Does 86 divide 18987424?
True
Is 740 a factor of 24249800?
True
Does 105 divide 16956530?
False
Does 8 divide 17637656?
True
Is 450556425 a multiple of 675?
True
Does 21 divide 156441705?
True
Is 667124224 a multiple of 832?
True
Does 44 divide 101915924?
True
Is 219507923 a multiple of 2707?
True
Is 255 a factor of 415983795?
True
Does 82 divide 7929072?
True
Is 81009746 a multiple of 60?
False
Is 123805297 a multiple of 161?
True
Is 123292489 a multiple of 29?
False
Is 335 a factor of 358668708?
False
Is 6 a factor of 5408620?
False
Is 16 a factor of 343172456?
False
Does 87 divide 758950043?
False
Is 1738271537 a multiple of 1057?
False
Does 15 divide 268826630?
False
Does 9 divide 67479412?
False
Does 361 divide 1424096614?
False
Is 14 a factor of 4294265?
False
Is 227 a factor of 15584912?
True
Is 1334 a factor of 4111242?
False
Is 140588224 a multiple of 868?
True
Does 10 divide 867105890?
True
Is 1393 a factor of 3063054141?
False
Is 344 a factor of 1853407328?
True
Is 2729529630 a multiple of 5350?
False
Is 2704 a factor of 1325877304?
False
Does 222 divide 84609972?
True
Is 185 a factor of 92645715?
False
Is 4019 a factor of 335459136?
False
Is 55 a factor of 14399479?
False
Is 9 a factor of 469632987?
True
Does 293 divide 349691398?
True
Is 84 a factor of 4114298?
False
Is 14743867 a multiple of 1116?
False
Does 7 divide 18417218?
False
Is 83499632 a multiple of 8?
True
Is 23879190 a multiple of 37?
False
Is 5144685 a multiple of 39?
True
Is 16090954 a multiple